 s?
49
Let b(z) = 2*z**3 + 2*z**2 - 1. Let j be (-5 - -3)/((-2)/4). Suppose 2*y = -3*t + 70 + 59, j*t - 4*y = 172. Calculate the remainder when t is divided by b(2).
20
Let r = -34 + 36. Calculate the remainder when (-2472)/(-36) - r/(-6) is divided by 18.
15
Suppose 0 = -2*x - 5*l + 23, -2*l - 10 = -5*x - 5*l. Calculate the remainder when 34 - (0 + (-1 - x)) is divided by ((-15)/(-10))/(2/16).
10
Let u(f) = -f**2 + 5*f + 2. Let g be u(9). Let j = g + 42. Calculate the remainder when 29 is divided by j.
5
Suppose 335 = -195*c + 200*c. Let z(k) = -k + 1. Let n be z(-4). Suppose 2*g + 53 = n*g - 2*l, 0 = l + 1. Calculate the remainder when c is divided by g.
16
Suppose 0 = -o + 56 + 7. Suppose 0 = 4*z - 20, -h + z + 0 = -12. What is the remainder when o is divided by h?
12
Let n(p) = -3*p - 8. Let y = 96 - 30. Let o = y - 51. Calculate the remainder when n(-12) is divided by o.
13
Let j(d) = d**3 + 5*d**2 - 8*d - 5. Suppose -13 - 1298 = -19*s. Calculate the remainder when s is divided by j(-5).
34
Let c(s) = -s**3 + 11*s**2 + 4*s + 103. Calculate the remainder when c(11) is divided by 77.
70
Suppose 4*k + 2*m + 22 = 0, 5*k - 2*m + 55 = m. Calculate the remainder when 6*((-110)/4)/(-5) is divided by (-76)/k - 4/8.
6
Let i(a) = a**2 + 4*a. Let j(c) = -c**2 - 4*c. Let u(v) = -4*i(v) - 5*j(v). Let f be u(3). Suppose 29 + f = 5*z. What is the remainder when 38 is divided by z?
8
Suppose 5*j + n = 178, -23*n = -j - 22*n + 38. Calculate the remainder when 71 is divided by j.
35
Suppose -5*u = -9*u - 4*w + 60, 5*w + 21 = u. Calculate the remainder when 86 is divided by u.
6
What is the remainder when (15851 + -74)*(-2)/(-18) is divided by 39?
37
What is the remainder when 83 is divided by (-18)/(-15)*10 - -5?
15
Calculate the remainder when 1*141*(-3)/18*-38 is divided by 16.
13
Let j = 17 + 59. Suppose 2*a = 4*v - a - 166, -2*v + 5*a = -j. Calculate the remainder when v is divided by 11.
10
Suppose -28*z + 437 = -5*z. Calculate the remainder when z is divided by 5.
4
Suppose 5*y - 18 = -4*i + 9, 4*i = -3*y + 37. Calculate the remainder when 45 is divided by i.
6
Let m = 13 - 11. Suppose -5*f + m = -8. Suppose -3*n - f = -29. Calculate the remainder when 17 is divided by n.
8
Let l = -155 + 362. What is the remainder when l is divided by 52?
51
Suppose 18 = 2*x + 2. Calculate the remainder when (30/8)/(2/x) is divided by 9.
6
Let h(l) = 10*l**2 - 2*l - 21. Let w(k) = -1. Let r(a) = h(a) - w(a). Calculate the remainder when r(-4) is divided by 30.
28
Let l(g) = -22*g - 23. Let n(k) = 10*k + 11. Let m(x) = 6*l(x) + 13*n(x). Calculate the remainder when m(-2) is divided by (2/(-6))/((-2)/30).
4
Let q = -640 - -729. Calculate the remainder when q is divided by 23.
20
Suppose -6*h - 100 + 838 = 0. Calculate the remainder when h is divided by 4.
3
Let p(g) = -7*g - 152. What is the remainder when 104 is divided by p(-30)?
46
Calculate the remainder when ((-854)/(-6) - 1)*(-480)/(-640) is divided by 23.
14
What is the remainder when ((-2450)/30 - 7)*3/(-2) is divided by 30?
13
Let j(r) = -4*r**3 - 4*r**3 - 12 + 17*r + 14*r**2 - 8 + 7*r**3. What is the remainder when 19 is divided by j(15)?
9
Let j = 24 + -17. Suppose 2*o + 3 = -o. What is the remainder when (3/9)/(o/(-57)) is divided by j?
5
Let x(d) = 7*d**3 - 2*d + 1. Let j be ((-4 - -3) + 5)*4. Suppose -2*m = -5*n - j, 0 = -5*m - 2*n - 3*n + 110. What is the remainder when x(2) is divided by m?
17
Let g = 106 - 101. Suppose -2*n - 43 = -g*n + 2*o, 71 = 5*n - 3*o. What is the remainder when 73 is divided by n?
8
Let p(x) = -2*x + 54. Let c be p(15). Suppose -c*o - 57 = -27*o. Calculate the remainder when o is divided by 15.
4
Let t be ((-12)/(-36))/(1/63). Suppose -3*l = -2*l - t. What is the remainder when l is divided by 11?
10
Let v(z) = 24*z**2 + 43*z + 122. Let f(o) = 35*o**3 - o**2 + 2*o - 1. Calculate the remainder when v(-3) is divided by f(1).
34
Suppose 0 = -38*h + 34*h + 376. What is the remainder when h is divided by 14?
10
Let f = 27579 - 27542. Let x(j) = 62*j - 3. What is the remainder when x(3) is divided by f?
35
Let z(k) = 6*k**2 - 7*k + 15. What is the remainder when 93 is divided by z(2)?
18
Suppose 5*l - 2 = 23. Suppose -9*b = -l*b - 28. Let y(c) = c**3 - 6*c**2 + c + 7. Calculate the remainder when y(6) is divided by b.
6
Let b be (-10)/65 - 368/(-26). Suppose 0 = 8*z - b*z + 180. What is the remainder when z is divided by 11?
8
Let x(u) = 3*u**2 + 4*u + 2. Let i be x(-3). Let h = 13 - i. What is the remainder when 27 is divided by (-1)/h*(-28)/(-1)?
6
Let n(m) = -11*m + 39. Let i be n(3). Let b(a) be the first derivative of a**3/3 - 2*a**2 - 6*a + 1. Calculate the remainder when 17 is divided by b(i).
5
Let j(f) = 4*f**3 - 8*f**2 - 2*f + 7. Calculate the remainder when 234 is divided by j(4).
107
Let d be (22/11)/((-2)/4). Let l = 5 - d. What is the remainder when 35 is divided by l?
8
Let x = 236 + -170. Calculate the remainder when x is divided by 15.
6
Let r(s) = s**3 - 5*s**2 + 8*s + 3. Suppose 4*f = 6*f - 8. What is the remainder when r(f) is divided by 11?
8
Suppose 7*v + 64 = 3*v. What is the remainder when 9 is divided by (-68)/v + 3/4?
4
Suppose -16*f = -11*f - 140. Let s = 65 - -18. Calculate the remainder when s is divided by f.
27
Suppose 853*q = 843*q + 280. Calculate the remainder when 1593 is divided by q.
25
Suppose -w = -4*h - 21 - 23, 3*w - 5*h - 104 = 0. Calculate the remainder when 1460/27 + 5/((-1350)/20) is divided by w.
26
Let d = 257 + -153. Let u = 0 - 0. Suppose d - 5 = 3*p + 5*i, -3*i = u. What is the remainder when p is divided by 12?
9
Let j = 168 + -120. Suppose 2*m - 7*d = -4*d + j, 0 = -m + 3*d + 30. What is the remainder when 68 is divided by m?
14
Let o(a) = 58*a. Let n(x) = -2*x**2 + 21*x - 5. Let j be n(10). Calculate the remainder when o(2) is divided by 26/(((-3)/j)/(90/(-100))).
38
Suppose -5*n = -4*n - 30. Calculate the remainder when 117 is divided by n.
27
Suppose 0 = -3*r - 3*v + 15, -10*v = -4*r - 5*v + 2. Calculate the remainder when 265 is divided by r.
1
Suppose 0 = 97*x - 22631 - 3462. Calculate the remainder when x is divided by 15.
14
Let p = 66 - 56. Calculate the remainder when 30 is divided by p.
0
Suppose 4*h - 24 = -4*h. Suppose -h*p + 33 + 121 = 4*j, 4*j - p = 162. What is the remainder when 119 is divided by j?
39
Suppose -231 = -37*q + 3765. Calculate the remainder when q is divided by 10.
8
Let m = -27 - -29. Let o = m - -1. Suppose c - 4 = -o. Calculate the remainder when 2 is divided by c.
0
Suppose 0 = 3*g + 1 - 28. Let s = g + 17. What is the remainder when s is divided by 7?
5
Calculate the remainder when 43 is divided by (-20)/(-100)*(-465)/(-3).
12
Let s(l) = l**3 + 9*l**2 + 6*l - 10. Suppose 14*v = 17*v + 24. Let q be s(v). Suppose -4*g + q = -18. What is the remainder when g is divided by 4?
2
Suppose -1 = 4*d - 37. Let q = d + 32. Calculate the remainder when 161 is divided by q.
38
Let g(p) = -p**2 + 15*p + 54. Calculate the remainder when g(9) is divided by 38.
32
Suppose 0 = 2*l - 4, -29 = -3*d - l + 99. Suppose 3*h + 11 = -o, 5*o + 2*h = -h - 7. Calculate the remainder when d is divided by (1 + 10)*o*(-2)/(-2).
9
Let x be 3 + 1 + (-3 - -3). Suppose -53 - 27 = -x*d. Calculate the remainder when 37 is divided by d.
17
Suppose 0 = -z - 0 - 3. Let k = 0 - z. Suppose -2*j + 4*c + 117 = 7*c, k*c = 9. Calculate the remainder when j is divided by 19.
16
Let l be (-228)/(-54) - 4/18. Suppose -l*d + 5*x = -25, -3*d - 2*d - 2*x + 23 = 0. What is the remainder when (7*1)/(d + -4) is divided by 2?
1
Suppose 110 = 2*v + 3*u, v - 9*u - 44 = -5*u. What is the remainder when 205 is divided by v?
49
Let d(v) = v + 1. Let n be d(2). Suppose n = y - 6. Calculate the remainder when 3 + (-138)/(-10) + (-1)/(-5) is divided by y.
8
Calculate the remainder when ((-952)/35)/((-5)/(50/4)) is divided by 4.
0
Suppose 3*o - 82 = b, 0 = -5*o + 3*b + 25 + 109. What is the remainder when 312 is divided by o?
4
Calculate the remainder when -85*((-14)/35)/2 is divided by 4.
1
Let x(y) be the third derivative of y**4/12 - 3*y**3/2 + 2*y**2. Let h(a) = a - 3. Let f be h(9). Calculate the remainder when x(f) is divided by 3.
0
Let b(o) = 7*o - 70. Calculate the remainder when 86 is divided by b(16).
2
Let w be (-4 + -14)*5/(-10). Let i = w + -2. 